/(-6)). Let q = u + -18. Suppose -q*c = -0*c - 22. Calculate the highest common divisor of 132 and c.
11
Let x = 39 + 13. Suppose -57 + 75 = 5*h - 2*f, 0 = 5*f - 5. Suppose -h*b + 6*u = 3*u - 246, -x = -b - 4*u. What is the greatest common factor of 12 and b?
12
Suppose -2*a + y + 2 = 1, 2*a - 4*y = -8. Let p(s) = 66 + 16*s - 3*s**2 - 44 + a*s**2. Let x be p(16). Calculate the greatest common factor of 77 and x.
11
Let u = 252 + -195. Calculate the highest common factor of 399 and u.
57
Let x(i) = 2*i**3 - 5*i**2 - 4*i. Let w be x(4). Suppose 0 = t - 9*t + w. Let l = 327 + -235. What is the greatest common factor of l and t?
4
Suppose 0 = 5*a + 4*t - 850, -4*a + 88*t = 93*t - 689. Let o = 75 + 23. Suppose -a = -2*q + o. Calculate the highest common factor of 33 and q.
33
Suppose 38*h + 89 = 697. Let f be (h + -2)*(-1 - (-25)/10). Let o = 137 - 53. Calculate the greatest common divisor of o and f.
21
Suppose -3*l + 4*g + 3 = 0, 13 - 18 = -5*l + 3*g. Suppose -2*i + 14 = 8. Suppose 6*z - 63 = i. What is the greatest common divisor of z and l?
1
Let h = 194 - 358. Let p = 188 + h. Suppose -6 = -3*c + 42. Calculate the highest common divisor of p and c.
8
Let i be (-815)/(-20) - (-5)/4. Calculate the greatest common divisor of 2842 and i.
14
Let q = 6 + 21. Let h(k) = -3*k**3 + 42*k + 9. Let u be h(-6). Suppose -285*l + 280*l = -u. What is the greatest common factor of q and l?
27
Let o = 13 - 13. Let v be -14*(o + -2 + -2). Suppose -2*g - v = -6*g. What is the greatest common divisor of g and 154?
14
Let d(z) be the second derivative of 9*z**4/4 - 2*z**3/3 - z**2/2 - 13*z + 2. Let f be d(2). What is the greatest common divisor of 18 and f?
9
Let i be 6/14 + (-624)/(-14). Let r be 5/(i/29) + (-4)/18. Calculate the greatest common factor of r and 24.
3
Suppose 21*y + 9*y - 870 = 0. Calculate the highest common factor of 5771 and y.
29
Let k be -3*(-463)/(-4)*(-4)/3. Let d = k - -312. What is the greatest common factor of d and 31?
31
Suppose -14*v + 21 = -21. Suppose -k = 8*g - 12*g + 226, -6 = v*k. What is the highest common divisor of 70 and g?
14
Let x(s) = -s**2 - 2*s + 13. Let u be x(-3). Let r(v) = v + 7. Let k be r(0). Suppose -f + 13 = k. What is the greatest common divisor of u and f?
2
Suppose -13*l - 14*l = -39*l + 5280. What is the greatest common divisor of l and 18260?
220
Let l = -9456 + 9577. What is the greatest common divisor of 231 and l?
11
Let z(g) = g**3 + 49*g**2 + 157*g + 366. Let y be z(-17). What is the greatest common factor of 15 and y?
15
Let s be ((-28)/(-8))/7 + (-117)/18. Let r be (62*s/(-16))/(15/280). Calculate the greatest common factor of 14 and r.
14
Let y = 104 + -23. Let n(x) = -23*x - 365. Let l be n(-16). What is the greatest common factor of l and y?
3
Let k = 401 - 268. Let i(d) = -4*d + 103. Let a be i(21). Calculate the highest common divisor of a and k.
19
Let u(t) = 820 - 13*t - 410 - 415 + t**2. Let r be u(14). What is the greatest common divisor of r and 18?
9
Let v = -2 + 31. Let x(g) = g + 95. Let o(z) = -z + 17. Let w be o(25). Let n be x(w). What is the highest common divisor of n and v?
29
Let m = 499 + -477. Let w = -123 + 178. Calculate the greatest common factor of w and m.
11
Suppose -137190 = -877*v + 843*v. What is the highest common factor of 60 and v?
15
Suppose 151*x - 9156 = -285*x. What is the greatest common factor of 23457 and x?
21
Let j be (113/339)/((-2)/(-5040)). What is the highest common factor of j and 135?
15
Let n be -6*49/(-4)*(307 + -285). What is the greatest common divisor of 264 and n?
33
Suppose 19*s = 14*s - 2*t + 6007, -t = s - 1205. What is the greatest common divisor of s and 11?
11
Let s(k) be the second derivative of 9*k**5/20 + k**3/2 - k**2 - 15*k. Let r = -35 + 36. Let c be s(r). What is the greatest common factor of c and 25?
5
Suppose -3*j + 3*f - 194 = -383, -2*j + 144 = 4*f. Let i(x) = 2*x**2 - 8*x + 9. Let z be i(6). What is the greatest common factor of z and j?
33
Let l be (-11)/(-55) + (-110144)/(-80). Calculate the highest common factor of l and 85.
17
Let l = -32 + 34. Suppose l*q = 3*q - 266. Let s be (q/12 + (-1)/6)/1. What is the greatest common factor of 33 and s?
11
Let d be -3 + 8 + (3 - 6). Let w be (1 - -170 - 9)*d/4. What is the greatest common divisor of w and 189?
27
Let t = -60 - -64. Suppose -5*o + 0*z = -4*z - 40, -73 = -t*o - 5*z. Suppose s - 2*g + 0*g = o, -2*g = 0. Calculate the greatest common divisor of 30 and s.
6
Let s be -8*(-176)/512 - 10/(-8). Calculate the highest common divisor of s and 406.
2
Suppose 782*j = 818*j - 105300. What is the highest common divisor of j and 1560?
195
Let m be (28 - 766)*-2 - (7 + -1). What is the greatest common divisor of m and 40?
10
Suppose 0 = 5*d - 35, 0 = 4*q - 464*d + 460*d - 1092. What is the highest common factor of q and 3120?
40
Suppose 13169*j - 13079*j = 3468150. What is the highest common divisor of j and 30?
15
Suppose -143*c + 26*c = -203010 + 62961. What is the greatest common divisor of 19 and c?
19
Let d = 64 + -64. Suppose -18*q + 720 + 1332 = d. What is the greatest common divisor of q and 76?
38
Let d be (4 + (-4 - 15))/(3/(-57) + 0). What is the highest common factor of d and 14079?
57
Let p be (-6)/39 - 37/13. Let f be 1/(-3*p/(-63)). Let i(h) = -34*h - 18. Let a be i(f). What is the highest common factor of 20 and a?
20
Let p be -1*-4*(-7)/(-14). Let b be 86 + 15/p*60/90. What is the highest common divisor of 14 and b?
7
Let y = -42 + 37. Let a be 4 + 5/((-25)/y). Suppose -4*z - a*x = -0*z - 525, 3*z + 3*x = 396. What is the highest common divisor of 15 and z?
15
Suppose 4*i + 4*k - 24 = 0, i - k - 6 = 2*k. Let p be 12/(-56)*-12*112/i. Suppose x - 14 = -8. Calculate the highest common factor of x and p.
6
Let p(q) = -879*q + 7246. Let c be p(6). What is the highest common factor of 28 and c?
4
Let q(h) be the first derivative of -h**4/4 - 2*h**3 - h**2 - 3*h - 15. Let y be q(-6). Let r = 148 - 49. Calculate the greatest common divisor of y and r.
9
Let y(n) = 9*n**2 + 6*n + 11. Let f(c) = -18*c**2 - 10*c - 23. Let z(s) = 6*f(s) + 13*y(s). Let w be z(-3). What is the highest common factor of w and 304?
16
Let o(a) = 2*a**3 + 170*a**2 + 245*a - 196. Let q be o(-83). What is the greatest common divisor of 562 and q?
281
Let z be 4 + 1 - (-130)/26. Suppose z*h - 79 = 181. What is the greatest common divisor of 26 and h?
26
Let m = -861 + 3326. Calculate the highest common factor of 203 and m.
29
Let u(z) = z**2 + 3*z - 71. Suppose 0 = -5*r + 3*d + 65, 20 - 80 = -4*r + 4*d. Let y be u(r). What is the greatest common divisor of 295 and y?
59
Suppose -19*n + 20*n - 2*q - 126 = 0, 5*n + 3*q = 552. What is the greatest common divisor of 354 and n?
6
Let i be ((-12)/21)/((-2)/217). What is the greatest common divisor of i and 1550?
62
Suppose 3*m = -9, 238 + 172 = 5*r + 5*m. Suppose 34*n + 0*n = 5814. Suppose 0 = 6*k - 33 - n. Calculate the greatest common factor of k and r.
17
Let w(p) = p**3 + 41*p**2 + 181*p + 54. Let h be w(-36). Suppose -h*f + 30*f - 552 = 0. What is the greatest common factor of 2 and f?
2
Let c = -26 + 63. Suppose 46*t = c*t + 198. Calculate the highest common divisor of t and 88.
22
Let q be -1 + (-35)/(-49) - (-382)/14. Suppose 22*g - q*g = 275. Let f = g + 60. What is the highest common divisor of 25 and f?
5
Suppose 84*m - 3015 = 75*m. Let g = m - 318. Calculate the greatest common factor of 323 and g.
17
Let v be 2 + -8 - (-266 + 60/10). Calculate the greatest common divisor of 15113 and v.
127
Suppose 4*g = 2*i - 432, -5*i - 6*g + 2*g = -1080. Suppose -219*q + i*q = -387. What is the greatest common divisor of 215 and q?
43
Suppose -2*w = 29*h - 362690, -4*w + 11 = -21. What is the greatest common factor of 74 and h?
74
Suppose 4*c - 7041 = -2*c + 3*t, 5*c - 5875 = t. What is the greatest common factor of c and 245?
49
Suppose -2*i - 792 = -100*y + 96*y, 5*y - 964 = -4*i. Let w(h) = 28*h**2 + h + 2. Let z be w(-2). What is the greatest common factor of y and z?
28
Let d(t) = 4*t**2 + 56*t - 50. Let j be d(-24). What is the greatest common factor of j and 630?
70
Let t = 4715 - 506. What is the highest common factor of 366 and t?
183
Let o(g) = 2*g - 3. Let f be o(3). Suppose 3*b + 219 = 4*q, -5*q + 66 = -f*b - 210. What is the greatest common divis